{"id":1371,"date":"2026-01-09T14:21:57","date_gmt":"2026-01-09T13:21:57","guid":{"rendered":"https:\/\/blog.dathen.com\/?page_id=1371"},"modified":"2026-01-09T14:21:57","modified_gmt":"2026-01-09T13:21:57","slug":"japonsko-2026-priprava","status":"publish","type":"page","link":"https:\/\/blog.dathen.com\/?page_id=1371","title":{"rendered":"Japonsko 2026 &#8211; priprava"},"content":{"rendered":"<p>M\u011bs\u00ed\u010dn\u00ed itiner\u00e1\u0159 po Japonsku &#8211; z\u00e1\u0159\u00ed 2026<\/p>\n<p>Z\u00e1kladn\u00ed koncept<br \/>\nStart\/c\u00edl: Leti\u0161t\u011b Kansai (Osaka)<br \/>\nTrasa: Z\u00e1padn\u00ed pob\u0159e\u017e\u00ed \u2192 sever \u2192 v\u00fdchodn\u00ed pob\u0159e\u017e\u00ed \u2192 zp\u011bt<br \/>\nD\u00e9lka: ~30 dn\u00ed (cel\u00e9 z\u00e1\u0159\u00ed)<br \/>\nStyl: Camping\/auto-camping, autentick\u00e1 m\u00edstn\u00ed m\u00edsta, p\u0159\u00edroda + kult\u00fara<\/p>\n<p>T\u00fdden 1: Osaka \u2192 Severn\u00ed Kyoto \u2192 Tottori (cca 7 dn\u00ed)<br \/>\nDen 1-2: Osaka oblast<\/p>\n<p>Start: P\u0159evzet\u00ed auta na leti\u0161ti Kansai<br \/>\nAklimatizace: N\u00e1kup vybaven\u00ed (Workman pro outdoor gear, Don Quijote pro camping), sim karta<br \/>\nJ\u00eddlo: Kuromon Market (levn\u00e9 \u010derstv\u00e9 sushi), lok\u00e1ln\u00ed standing bars (tachinomi)<br \/>\nSpan\u00ed: Prvn\u00ed noc hotel\/hostel pro odpo\u010dinek, pak camping u jezera Biwa<\/p>\n<p>Den 3-4: Oblast kolem jezera Biwa<\/p>\n<p>P\u0159\u00edroda: Jezero Biwa &#8211; nejv\u011bt\u0161\u00ed jezero Japonska, cyklotrasy pod\u00e9l b\u0159ehu<br \/>\nZaj\u00edmavost: Shirahige Shrine &#8211; torii ve vod\u011b (m\u00e9n\u011b turist\u016f ne\u017e Miyajima)<br \/>\nCamping: Okubiwako Campground (severn\u00ed \u010d\u00e1st jezera)<br \/>\nOnsen: Ogoto Onsen (tradi\u010dn\u00ed, dostupn\u00fd)<\/p>\n<p>Den 5-7: Tottori prefecture<\/p>\n<p>P\u0159\u00edroda: Tottori Sand Dunes &#8211; jedine\u010dn\u00e9 p\u00edse\u010dn\u00e9 duny, paragliding mo\u017en\u00fd<br \/>\nZaj\u00edmavost: Mizuki Shigeru Road (Sakaiminato) &#8211; manga ulice s yokai sochami<br \/>\nNeturistick\u00e9: Mal\u00e9 ryb\u00e1\u0159sk\u00e9 vesnice pod\u00e9l pob\u0159e\u017e\u00ed San&#8217;in<br \/>\nJ\u00eddlo: \u010cerstv\u00e9 krab\u00ed maso (m\u00edstn\u00ed specialita), levn\u00e9 set menu v ryb\u00e1\u0159sk\u00fdch p\u0159\u00edstavech<br \/>\nCamping: Uradome Coast camping area<\/p>\n<p>T\u00fdden 2: Shimane \u2192 Yamaguchi \u2192 Kyushu (cca 7 dn\u00ed)<br \/>\nDen 8-9: Shimane<\/p>\n<p>Kultura: Izumo Taisha &#8211; jeden z nejstar\u0161\u00edch chr\u00e1m\u016f (m\u00e9n\u011b p\u0159epln\u011bn\u00fd ne\u017e Ise)<br \/>\nP\u0159\u00edroda: Iwami Ginzan &#8211; opu\u0161t\u011bn\u00e9 st\u0159\u00edbrn\u00e9 doly v hor\u00e1ch (UNESCO)<br \/>\nNeturistick\u00e9: Oki Islands (jen pokud m\u00e1\u0161 \u010das na trajekt) &#8211; dramatick\u00e9 \u00fatesy<br \/>\nJ\u00eddlo: Izumo soba (levn\u00e9, syt\u00e1 lok\u00e1ln\u00ed verze)<\/p>\n<p>Den 10-11: Yamaguchi<\/p>\n<p>P\u0159\u00edroda: Akiyoshido Cave &#8211; nejv\u011bt\u0161\u00ed v\u00e1pencov\u00e1 jeskyn\u011b<br \/>\nZaj\u00edmavost: Motonosumi Shrine &#8211; 123 \u010derven\u00fdch torii pod\u00e9l pob\u0159e\u017e\u00ed (Instagram spot ale bez dav\u016f)<br \/>\nNeturistick\u00e9: Tsunoshima Bridge &#8211; n\u00e1dhern\u00fd most p\u0159es tyrkysov\u00e9 mo\u0159e<br \/>\nCamping: Tsunoshima camping ground<\/p>\n<p>Den 12-14: Severn\u00ed Kyushu (Fukuoka\/Saga)<\/p>\n<p>J\u00eddlo: Fukuoka &#8211; r\u00e1j pro hakata ramen, yatai food stalls (levn\u00e9 ve\u010dern\u00ed j\u00eddlo)<br \/>\nP\u0159\u00edroda: Itoshima Peninsula &#8211; pl\u00e1\u017ee, svatyn\u011b, farm restaurace<br \/>\nOnsen: Takeo Onsen nebo Ureshino Onsen (super hodnota za pen\u00edze)<br \/>\nNeturistick\u00e9: Yobuko &#8211; ryb\u00e1\u0159sk\u00fd p\u0159\u00edstav s rann\u00edm trhem<br \/>\nCamping: Voln\u00e9 parkov\u00e1n\u00ed u pl\u00e1\u017e\u00ed Itoshima (kontroluj zna\u010dky)<\/p>\n<p>T\u00fdden 3: Kyushu \u2192 Shikoku (cca 7 dn\u00ed)<br \/>\nDen 15-17: Ji\u017en\u00ed\/st\u0159edn\u00ed Kyushu<\/p>\n<p>P\u0159\u00edroda: Aso Caldera &#8211; aktivn\u00ed sopka, jezdeck\u00e9 stezky<br \/>\nOnsen: Kurokawa Onsen &#8211; horsk\u00e1 onsen vesnice (dra\u017e\u0161\u00ed ale stoj\u00ed to za to jednou)<br \/>\nZaj\u00edmavost: Takachiho Gorge &#8211; \u00fazk\u00e1 sout\u011bska, p\u016fj\u010den\u00ed lod\u00ed<br \/>\nNeturistick\u00e9: Nobeoka &#8211; b\u011b\u017en\u00e9 japonsk\u00e9 m\u011bsto bez turist\u016f, levn\u00e9 j\u00eddlo<br \/>\nCamping: Free camping spots kolem Aso (michi-no-eki)<\/p>\n<p>Den 18-21: Shikoku<\/p>\n<p>P\u0159\u00edroda: Iya Valley &#8211; nejzapadlej\u0161\u00ed \u00fadol\u00ed, visac\u00ed m\u016fstky z li\u00e1ny<br \/>\nKultura: \u010c\u00e1st 88 chr\u00e1mov\u00e9 pout\u011b (p\u00e1r chr\u00e1m\u016f v hor\u00e1ch)<br \/>\nNeturistick\u00e9: Oboke\/Koboke Gorge &#8211; rafting nebo jen proj\u00ed\u017e\u010fka<br \/>\nJ\u00eddlo: Sanuki udon v Kagawa (super levn\u00e9, \u010derstv\u00e9)<br \/>\nOnsen: Iya Onsen (k\u00e1\u010f vy\u0159ezan\u00e1 do sk\u00e1ly u \u0159eky)<br \/>\nCamping: Kazurabashi camping nebo free spots v \u00fadol\u00ed<\/p>\n<p>T\u00fdden 4: Kii Peninsula \u2192 zp\u011bt Osaka (cca 7-9 dn\u00ed)<br \/>\nDen 22-24: Kii Peninsula<\/p>\n<p>P\u0159\u00edroda: Kumano Kodo &#8211; starobyl\u00e9 poutn\u00ed stezky (\u010d\u00e1st m\u016f\u017ee\u0161 uj\u00edt)<br \/>\nKultura: Kumano Sanzan &#8211; t\u0159i velk\u00e9 svatyn\u011b<br \/>\nNeturistick\u00e9: Nachi Falls &#8211; nejvy\u0161\u0161\u00ed vodop\u00e1d s chr\u00e1mem<br \/>\nOnsen: Yunomine Onsen &#8211; UNESCO sv\u011btov\u00e9 d\u011bdictv\u00ed onsen, levn\u00fd<br \/>\nCamping: Shirahama camping nebo sp\u00e1t v aut\u011b na michi-no-eki<\/p>\n<p>Den 25-26: Wakayama<\/p>\n<p>Zaj\u00edmavost: Koyasan &#8211; buddhistick\u00fd chr\u00e1mov\u00fd komplex na ho\u0159e (m\u016f\u017ee\u0161 p\u0159espat v chr\u00e1mu &#8211; shukubo)<br \/>\nP\u0159\u00edroda: Nachi Primeval Forest<br \/>\nJ\u00eddlo: Wakayama ramen (jin\u00fd styl ne\u017e Fukuoka)<\/p>\n<p>Den 27-28: Ise\/Mie<\/p>\n<p>Kultura: Ise Jingu &#8211; nejposv\u00e1tn\u011bj\u0161\u00ed \u0161intoistick\u00e1 svatyn\u011b<br \/>\nJ\u00eddlo: Ise-ebi (langusta), tekone-zushi<br \/>\nNeturistick\u00e9: Ama divers v Toba &#8211; tradi\u010dn\u00ed pot\u00e1p\u011b\u010dky perelek<br \/>\nPosledn\u00ed onsen: Yunomine nebo n\u011bco po cest\u011b<\/p>\n<p>Den 29-30: N\u00e1vrat do Osaky<\/p>\n<p>Buffer: Rezerva pro zpo\u017ed\u011bn\u00ed, posledn\u00ed n\u00e1kupy<br \/>\nN\u00e1kupy: AEON Mall, elektronika v Nipponbashi<br \/>\nJ\u00eddlo: Dotonbori na rozlou\u010denou (okonomiyaki, takoyaki)<\/p>\n<p>Praktick\u00e9 tipy pro tv\u016fj styl cestov\u00e1n\u00ed<br \/>\nCamping &#038; span\u00ed v aut\u011b<\/p>\n<p>Michi-no-eki: Odpo\u010d\u00edvadla s parkovi\u0161t\u011bm, \u010dasto free, toalety, n\u011bkdy i onsen<br \/>\nCampy: 1000-2500 \u00a5\/noc, rezervace \u010dasto ne nutn\u00e9 z\u00e1\u0159\u00ed<br \/>\nAuto-camping: Leg\u00e1ln\u00ed na michi-no-eki, pl\u00e1\u017e\u00edch (pozor na zna\u010dky)<br \/>\nAplikace: Park4Night Japan, iOverlander<\/p>\n<p>J\u00eddlo (levn\u011b ale dob\u0159e)<\/p>\n<p>Supermarkety: Seiyu, MaxValu &#8211; sushi\/bent\u00f3 zlevn\u011bn\u00e9 po 20h (50% off)<br \/>\nConbini: 7-Eleven, Lawson, Family Mart &#8211; kvalitn\u00ed ready meals<br \/>\nTeishoku: Set menu v lok\u00e1ln\u00edch restaurac\u00edch (800-1200 \u00a5)<br \/>\nRann\u00ed trhy: Ryb\u00e1\u0159sk\u00e9 p\u0159\u00edstavy &#8211; \u010derstv\u00e9, levn\u00e9<br \/>\nStanding ramen\/udon: 400-600 \u00a5, rychl\u00e9, syt\u00edc\u00ed<\/p>\n<p>Onsen (dostupn\u00e9)<\/p>\n<p>Public onsen: 400-800 \u00a5 (m\u00edstn\u00ed koupali\u0161t\u011b)<br \/>\nDay-use: 1000-1500 \u00a5 (hotely s onsen pro denn\u00ed hosty)<br \/>\nRotenburo: Venkovn\u00ed onsen &#8211; nejlep\u0161\u00ed z\u00e1\u017eitek<br \/>\nTattoo: Probl\u00e9m v n\u011bkter\u00fdch onsen, zjisti p\u0159edem nebo nosi\u017e n\u00e1plasti<\/p>\n<p>Benz\u00edn &#038; d\u00e1lnice<\/p>\n<p>D\u00e1lnice: Nejsou nutn\u00e9, obecn\u00e9 silnice jsou \u010dasto kr\u00e1sn\u011bj\u0161\u00ed<br \/>\nBenz\u00edn: ~160 \u00a5\/l (z\u00e1\u0159\u00ed 2025), hledej self-service stanice<br \/>\nN\u00e1klady: Po\u010d\u00edtej ~5000-7000 \u00a5\/t\u00fdden na benz\u00edn p\u0159i tomto itiner\u00e1\u0159i<\/p>\n<p>D\u016fle\u017eit\u00e9 appky<\/p>\n<p>Google Maps: Funguje perfektn\u011b, offline mapy<br \/>\nHyperdia: Vlakov\u00e9 spoje (kdyby auto selhalo)<br \/>\nGurunavi\/Tabelog: Restaurace + hodnocen\u00ed<br \/>\nOnsen Atlas: Najdi onsen kamkoliv<\/p>\n<p>Rozpo\u010det (orienta\u010dn\u00ed, cel\u00fd m\u011bs\u00edc)<\/p>\n<p>Auto: Pron\u00e1jem ~80,000-120,000 \u00a5 m\u011bs\u00edc (+ benz\u00edn 25,000 \u00a5)<br \/>\nCamping: 15 noc\u00ed \u00d7 1,500 \u00a5 = 22,500 \u00a5<br \/>\nFree camping: 15 noc\u00ed \u00d7 0 \u00a5 = 0 \u00a5<br \/>\nJ\u00eddlo: 2,000 \u00a5\/den = 60,000 \u00a5<br \/>\nOnsen\/l\u00e1zn\u011b: 10\u00d7 1,000 \u00a5 = 10,000 \u00a5<br \/>\nBenz\u00edn: 25,000 \u00a5<br \/>\nR\u016fzn\u00e9: 20,000 \u00a5<br \/>\nCELKEM: ~240,000-280,000 \u00a5 (cca 40,000-47,000 K\u010d)<\/p>\n","protected":false},"excerpt":{"rendered":"<p>M\u011bs\u00ed\u010dn\u00ed itiner\u00e1\u0159 po Japonsku &#8211; z\u00e1\u0159\u00ed 2026 Z\u00e1kladn\u00ed koncept Start\/c\u00edl: Leti\u0161t\u011b Kansai (Osaka) Trasa: Z\u00e1padn\u00ed pob\u0159e\u017e\u00ed \u2192 sever \u2192 v\u00fdchodn\u00ed pob\u0159e\u017e\u00ed \u2192 zp\u011bt D\u00e9lka: ~30 dn\u00ed (cel\u00e9 z\u00e1\u0159\u00ed) Styl: Camping\/auto-camping, autentick\u00e1 m\u00edstn\u00ed m\u00edsta, p\u0159\u00edroda + kult\u00fara T\u00fdden 1: Osaka \u2192 Severn\u00ed Kyoto \u2192 Tottori (cca 7 dn\u00ed) Den 1-2: Osaka oblast Start: P\u0159evzet\u00ed auta na [&hellip;]<\/p>\n","protected":false},"author":1,"featured_media":0,"parent":0,"menu_order":0,"comment_status":"closed","ping_status":"closed","template":"","meta":{"footnotes":""},"class_list":["post-1371","page","type-page","status-publish","hentry"],"_links":{"self":[{"href":"https:\/\/blog.dathen.com\/index.php?rest_route=\/wp\/v2\/pages\/1371","targetHints":{"allow":["GET"]}}],"collection":[{"href":"https:\/\/blog.dathen.com\/index.php?rest_route=\/wp\/v2\/pages"}],"about":[{"href":"https:\/\/blog.dathen.com\/index.php?rest_route=\/wp\/v2\/types\/page"}],"author":[{"embeddable":true,"href":"https:\/\/blog.dathen.com\/index.php?rest_route=\/wp\/v2\/users\/1"}],"replies":[{"embeddable":true,"href":"https:\/\/blog.dathen.com\/index.php?rest_route=%2Fwp%2Fv2%2Fcomments&post=1371"}],"version-history":[{"count":1,"href":"https:\/\/blog.dathen.com\/index.php?rest_route=\/wp\/v2\/pages\/1371\/revisions"}],"predecessor-version":[{"id":1372,"href":"https:\/\/blog.dathen.com\/index.php?rest_route=\/wp\/v2\/pages\/1371\/revisions\/1372"}],"wp:attachment":[{"href":"https:\/\/blog.dathen.com\/index.php?rest_route=%2Fwp%2Fv2%2Fmedia&parent=1371"}],"curies":[{"name":"wp","href":"https:\/\/api.w.org\/{rel}","templated":true}]}}