{"id":623,"date":"2015-03-18T21:17:00","date_gmt":"2015-03-18T20:17:00","guid":{"rendered":"https:\/\/blog.dathen.com\/?page_id=623"},"modified":"2015-03-18T21:17:00","modified_gmt":"2015-03-18T20:17:00","slug":"17-3-2015-hawaii-2015-odpocinek-na-plazi","status":"publish","type":"page","link":"https:\/\/blog.dathen.com\/?page_id=623","title":{"rendered":"17.3.2015 &#8211; Hawaii 2015 &#8211; odpo\u010dinek na pl\u00e1\u017ei"},"content":{"rendered":"<p>Dobry vecer z Havaje, <\/p>\n<p>Dnesni den zacal opet v kempu Kokee,ktery lezi cca 1200m.n.m.. Stejne jako dny predchazejici, ani dnes nas zde nikdo nekontroloval. Vsem je asi jedno, ze tu jsme a ze jsme si koupili permit \ud83d\ude42 Nasi spolucestovatele (dva Cesi, ktere jsme zde potkali) zde prespavaji dokonce v aute a zadna kontrola se zatim nekonala a asi ani konat nebude \ud83d\ude42 Mozny rozdil vidim v tom, ze kempy jsou zde dvojiho druhu. Prvni je statni a druhy county(oblastni). My jsme v tom statnim \ud83d\ude42 Asi to s tim ma neco do cineni \ud83d\ude42<\/p>\n<p>Ale abych Vas nenudil, tak Vas zavedu na dnesni prvni zastavku a tou byla plaz v Lihue, ktera se konala po navsteve mekace a officu pro vyrizeni dalsich permitu na dalsi dny tady (permit je povoleni pro pobyt v kempu). Plaz nas uvitala slunnym pocasim, ale dle predpovedi se to ma zase trosku kazit, takze jsme nachytali nejaky bronz a vydali se na dalsi trail, ktery vedl ze strany Waimea kanonu k vodopadum. Cesta je to prijemna, z kopce do kopce a zase z kopce a zase do kopce&#8230;ale nejsou to obycejne, jsou neobycejne \ud83d\ude42 Jsou nepopsatelne, jsou strme a nebezpecne \ud83d\ude42 Nakonec ale vsechno dopadlo dobre a nam se naskytl pohled do dalsiho kanonu, ktery zde je. Vodopad Waipoo sice neni z nejvetsich, ale zase se pod nim naskyta moznost se vykoupat v jezyrku, ktere vytvari. Vzhledem k nepritomnosti zadnych dalsich osob a me zapometlivosti, kdy jsem nechal plavky v aute jsem se vykoupal na Adama&#8230;a musim rict, ze krome toho, ze se o me chvilku pokousely mrakoty, tak to bylo moc prijemne osvezeni (jen doufam, ze tam nebyla leptospiroza).<\/p>\n<p>Cestu zpet jsme si dali po ceste, kterou jezdi auta, protoze nebyla tak priserne strma a posledni rozlouceni s mistnimi kanony jsme udelali na viewpointu Hikepopotatakokopopo \ud83d\ude42 Z tohoto viewpointu je videt i ostrov Nihau, ktery je ostrovem zakazanym. Koupila ho kdysi davno Robinsonova rodina a zakonzerovala tam puvodni obyvatelstvo, ktere cita cca 200 hlav, ale nikdo to poradne nevi, protoze se tam nesmi \ud83d\ude42 Pry se tam poradaji nejake speciani vypravy, ktere muzou byt jen pres den a to jen z dalky. Proste se tam na ty mistnaky chodi divat jako do zoo \ud83d\ude09 Nemaji elektrinu, wifi, internet, mobily a ani Mc Donald tam nema pobocku \ud83d\ude42 My bychom tam evidetne zemreli hlady \ud83d\ude42<\/p>\n<p>Tim byl dnesni program vycerpan a po vydatne veceri ve forme konzerv a vymene informaci s nasimi ceskymi spolucestovateli se asi lehce vydesinfikujeme a pujdeme na kute, protoze to slunce je horsi, nez 15km tura \ud83d\ude42<\/p>\n<p>Dnes je to kratsi, neb unava je vetsi nez ja \ud83d\ude42<\/p>\n<p>Aloha z Kauai a mahalo<\/p>\n","protected":false},"excerpt":{"rendered":"<p>Dobry vecer z Havaje, Dnesni den zacal opet v kempu Kokee,ktery lezi cca 1200m.n.m.. Stejne jako dny predchazejici, ani dnes nas zde nikdo nekontroloval. Vsem je asi jedno, ze tu jsme a ze jsme si koupili permit \ud83d\ude42 Nasi spolucestovatele (dva Cesi, ktere jsme zde potkali) zde prespavaji dokonce v aute a zadna kontrola se [&hellip;]<\/p>\n","protected":false},"author":1,"featured_media":0,"parent":0,"menu_order":0,"comment_status":"open","ping_status":"open","template":"","meta":{"footnotes":""},"class_list":["post-623","page","type-page","status-publish","hentry"],"_links":{"self":[{"href":"https:\/\/blog.dathen.com\/index.php?rest_route=\/wp\/v2\/pages\/623","targetHints":{"allow":["GET"]}}],"collection":[{"href":"https:\/\/blog.dathen.com\/index.php?rest_route=\/wp\/v2\/pages"}],"about":[{"href":"https:\/\/blog.dathen.com\/index.php?rest_route=\/wp\/v2\/types\/page"}],"author":[{"embeddable":true,"href":"https:\/\/blog.dathen.com\/index.php?rest_route=\/wp\/v2\/users\/1"}],"replies":[{"embeddable":true,"href":"https:\/\/blog.dathen.com\/index.php?rest_route=%2Fwp%2Fv2%2Fcomments&post=623"}],"version-history":[{"count":0,"href":"https:\/\/blog.dathen.com\/index.php?rest_route=\/wp\/v2\/pages\/623\/revisions"}],"wp:attachment":[{"href":"https:\/\/blog.dathen.com\/index.php?rest_route=%2Fwp%2Fv2%2Fmedia&parent=623"}],"curies":[{"name":"wp","href":"https:\/\/api.w.org\/{rel}","templated":true}]}}